r when z is divided by o?
15
Suppose 2*t - 5*p + 63 = 230, 82 = t - 3*p. What is the remainder when t is divided by 82?
9
Let f = 35840 + -35786. Calculate the remainder when 232 is divided by f.
16
Let s = 5160 + -5099. What is the remainder when 64 is divided by s?
3
Suppose 125 = -3*s + 17. What is the remainder when (-6)/s + 1258/12 is divided by 31?
12
What is the remainder when 255 is divided by (2/(-24))/((-265)/41340)?
8
Let w = -1858 + 1945. Calculate the remainder when w is divided by 70.
17
Suppose 1232 + 793 = 15*n. Suppose b + 0*q - n = -5*q, 2*q - 468 = -4*b. What is the remainder when b is divided by 30?
25
Let g = -12003 - -12175. What is the remainder when g is divided by 26?
16
Suppose -1917 = -34*a + 7*a. Suppose 7*q + 1 - a = 0. Calculate the remainder when 67 is divided by q.
7
Let a(c) = -48*c + 15. Let y be a(6). Let s = 395 + y. Suppose -7 = 5*k - s. What is the remainder when 63 is divided by k?
17
Let m = -779 - -669. Let r be -1 - 0 - -205*1. Let k = r + m. Calculate the remainder when k is divided by 24.
22
Suppose d - 3*n = 362, -2*n - 1742 = -5*d - 4*n. Let u = -5 - -2. What is the remainder when (d/(-15))/(2/u) is divided by 14?
7
Let t = -16 + 13. Let s be 2/t + (-32)/6. Calculate the remainder when 142 is divided by s/2*-9 + 2.
26
Let u = 25 - 11. Suppose -67 - 549 = -u*f. What is the remainder when 217 is divided by f?
41
Let x = 150 - 140. What is the remainder when 47 - 3 - 2*-2 is divided by x?
8
Suppose -5*d + 4*k + 1 = -39, 5*k + 5 = -5*d. What is the remainder when 23 is divided by (2 - (-3)/(-6))*(12 - d)?
11
Calculate the remainder when ((-450)/20)/15*(-1780)/15 is divided by 28.
10
Let b = 271 + -263. Let f(d) = 4*d**2 - 18*d - 5. Calculate the remainder when f(b) is divided by 37.
33
Let g be 9/(-2 + (-27)/(-13)). Suppose 2*p + 5 - g = 2*i, -p + 58 = -2*i. What is the remainder when p is divided by 19?
16
Let p = -414 + 1139. Suppose -3*z + 3*c + 104 = -106, -8*z + 4*c + 544 = 0. What is the remainder when p is divided by z?
65
Suppose 448*j + 60*j = 2294636. Calculate the remainder when j is divided by 6.
5
Suppose -o + 22 = 12*h - 9*h, -2*h = 4*o - 98. Suppose 4*k - 27 = -b, -3*b - 16 = -3*k - 7. Calculate the remainder when k is divided by (-1)/(-8)*(-17 + o).
0
Let y(r) = r**2 - 19*r - 103. What is the remainder when y(-16) is divided by 51?
49
Suppose -2383 = -2*j - 5*v, -10*j + 9*j = 5*v - 1199. What is the remainder when j is divided by 33?
29
Let b(c) = -21*c + 109. Let q be b(5). Suppose 2 = 2*g, -a - q*g = -48 - 1. Calculate the remainder when a is divided by 10.
5
Let u(z) = -2*z**3 - 12*z**2 - 4*z - 5. What is the remainder when u(-6) is divided by ((-40)/(-12))/(3 + 16/(-6))?
9
Suppose -3*v - 5*a + 1 = 0, -730*a + 3 = v - 729*a. Calculate the remainder when 1061 is divided by v.
4
Let x(c) = c**2 + 8*c - 7. Let n be x(-11). Let a be 6/15 - n/(-10). Suppose 112 = a*r + 28. What is the remainder when 55 is divided by r?
27
Suppose 5*v - 205 = 16*u - 17*u, -5*v = 30. What is the remainder when 15272 is divided by u?
232
Suppose c = 6 - 2, -3*v = 5*c - 83. Let n(z) = -3*z + 137. What is the remainder when n(v) is divided by 5?
4
Calculate the remainder when (-325 + 323)*258/(-4) is divided by (52/6)/((-2)/(-3)).
12
Let b(u) = 232*u - 10839. Suppose -2*c = -6*c. Suppose c*d - 17 = -d. Calculate the remainder when b(47) is divided by d.
14
Let s be -7 + (-6786)/27 - (-2)/6. Let g = -166 - s. What is the remainder when g is divided by 39?
14
Let q(w) = -42*w + 21. Let i be q(-2). Suppose x = 6*x + 3*a - 171, -3*x = 3*a - i. What is the remainder when 97 is divided by x?
31
Suppose -9*d + 227 = -295. Calculate the remainder when 162 is divided by d.
46
Let h be 18/12*424/3. Let p = h + -205. Let s(l) = l**3 - l. Calculate the remainder when p is divided by s(2).
1
Let a(c) = c**3 + 58*c**2 + 106*c - 233. Calculate the remainder when 105 is divided by a(-56).
2
Let l(o) = -23*o + 1246. What is the remainder when 1159 is divided by l(53)?
25
Suppose -2*p - 4*x = -22, 3*x = p - 4 + 8. Suppose -a + 3*q = -67, -p*q + 155 = 5*a - 180. What is the remainder when a is divided by 10?
7
Suppose 3*x = -4*q + 359, 5*x = 3*x + q + 243. Suppose -8*h = -199 - x. Calculate the remainder when 116 is divided by h.
36
Let u(j) = j**3 + 45*j**2 - j - 31. Suppose -3*p = -3*z - 23 + 155, 3*p + 140 = -5*z. What is the remainder when u(p) is divided by 10?
4
Let v = -19443 - -20642. Calculate the remainder when v is divided by 37.
15
Let a(r) = 1566*r**2 - 152*r + 70. What is the remainder when a(4) is divided by 366?
362
Suppose -14*x = 3*o - 5519, 6*x + 7472 = 4*o + 2*x. What is the remainder when o is divided by 6?
3
Suppose -3*q = 4*b + 12, -31 + 11 = -5*b + 5*q. Suppose b = -169*h + 159*h + 1160. What is the remainder when h is divided by 32?
20
Let y be 3/2 + (-10)/4*-15. Let w = y + -44. Calculate the remainder when 47 is divided by (w - 3)*(3/3 + -2).
7
Let d = 13291 - 11279. What is the remainder when d is divided by 126?
122
Let o = -68 + 60. Let y = o - -46. Calculate the remainder when y is divided by 27.
11
Suppose -3*v - 15 = -4*m + 9, -4*m + 2*v + 28 = 0. Calculate the remainder when ((-119)/3)/((-3074)/36888) is divided by m.
8
What is the remainder when (11 - 26) + 152 - (2 + -6) is divided by ((-6)/(-9))/(4/90)?
6
Let h(f) = f**3 + 59*f**2 + 174*f + 353. Calculate the remainder when 7904 is divided by h(-56).
16
Suppose 3*a + 33 = 2*i, -5*a = -7 + 2. Let o = -246 + 257. What is the remainder when i is divided by o?
7
Suppose 3*w + 23 - 64 = -4*s, 4*s + 14 = 2*w. Suppose 3*a = -x + 60, -13*x + 10*x + 200 = 5*a. What is the remainder when x is divided by w?
9
Suppose -3*q + 1 = -2*q, -4*n + 107 = -q. Suppose -8*b = -9*b - z + n, 5*z = -4*b + 109. What is the remainder when 126 is divided by b?
22
Suppose 827 = 76*x - 49409. Calculate the remainder when x is divided by 83.
80
Let w(l) = 30*l**3 + l**2 + l - 1. Let s(i) = -i**2 + 23*i + 4307. Calculate the remainder when w(1) is divided by s(-55).
14
Suppose 5070 = -2*j + 5608. Calculate the remainder when j is divided by 47.
34
Suppose 201 = 2*i - a, -5*a = -5*i - 9*a + 509. What is the remainder when 3023 is divided by i?
94
Suppose 0 = -2*j + 1515 + 1937 - 562. Calculate the remainder when j is divided by 239.
11
What is the remainder when 2277 is divided by (-494)/(-4) + 9 - (-9)/6?
133
Let h(g) = 38*g + 365. Suppose -9*t = 15*t - 21*t. Calculate the remainder when h(t) is divided by 8.
5
Suppose 5*t = -5*k - 10, 3*t - 3*k - 11 = 13. Let n be 90 + 2 - (2 + 1 - t). Suppose 10 + n = 6*l. Calculate the remainder when 84 is divided by l.
16
Let t be (8/32)/(3/156). Suppose -18 = t*c - 44. Suppose 2*q - 18 = c*m, 0*q - 3*q = -5*m - 31. What is the remainder when 20 is divided by q?
6
Suppose -b = -2*b. Suppose -3*z + z + 76 = b. Suppose 0 = 103*n + 47*n - 1950. What is the remainder when z is divided by n?
12
Let j = -346 + 510. Calculate the remainder when j is divided by (-17 - 0)*(-25 - -24).
11
Let a(z) = -z**2 - 9*z + 12. Let l be a(-10). Let v be 0 + (4/1 - l). What is the remainder when 1494/30 - v/(-10) is divided by 17?
16
Let h(w) = 3685*w - 3046. What is the remainder when h(2) is divided by 103?
101
Suppose 5*n = 5*g + 65, 2*n + 9 + 1 = 0. Let b be 0 - (-26)/7 - g/63. Suppose -2 - 10 = b*u, -66 = -3*k - u. Calculate the remainder when 43 is divided by k.
20
Let x = -162 + 270. Let c = x + -97. What is the remainder when c is divided by 9?
2
Let s = -2598 + 4861. What is the remainder when s is divided by 753?
4
Let z(x) = -x**3 + 2 - 21*x - 96*x**2 + 10 + 75*x**2. Let n be z(-20). Suppose -9*b + n = -5*b. What is the remainder when 53 is divided by b?
5
Suppose 8*z - 252 = -13*z + 18*z. Calculate the remainder when z is divided by 11.
7
Suppose 2*r - h - 291 = 0, 0 = 4*r + 8*h - 6*h - 586. Suppose -10*g - 16 = -r. What is the remainder when 166 is divided by g?
10
Let f be (8/20)/(2/685). Suppose 135*s = f*s - 262. Calculate the remainder when s is divided by 37.
20
Suppose 654*t = 634*t + 160. What is the remainder when t is divided by 6?
2
Let p(s) be the second derivative of 14*s**3/3 - s**2 - 70*s. Calculate the remainder when 117 is divided by p(1).
13
Let k be (-155)/(2/(-10)*60/(-156)). What is the remainder when 85 is divided by ((